t is the highest common divisor of 10911268 and 20?
4
Calculate the greatest common factor of 34634244 and 60.
12
What is the highest common divisor of 12462528 and 3744?
1248
Calculate the greatest common factor of 114669 and 1697841.
3699
Calculate the greatest common divisor of 4113410 and 1120.
70
Calculate the highest common divisor of 143 and 33946.
11
What is the greatest common divisor of 1164 and 42259796?
388
What is the highest common divisor of 160025232 and 53?
53
Calculate the greatest common factor of 248325 and 173525.
275
Calculate the highest common factor of 59688 and 31221.
9
What is the greatest common divisor of 25990 and 355?
5
Calculate the highest common factor of 21415888 and 5928.
1976
Calculate the greatest common divisor of 21260262 and 282.
282
Calculate the greatest common factor of 187640788 and 1508.
116
Calculate the greatest common factor of 2177640 and 50040.
360
What is the highest common factor of 1275 and 23445550?
425
Calculate the greatest common factor of 203933 and 65847.
47
Calculate the highest common divisor of 528 and 34375088.
176
Calculate the highest common divisor of 322 and 57055663.
161
What is the greatest common divisor of 447697 and 950?
19
Calculate the greatest common factor of 1900742144 and 3824.
3824
What is the highest common divisor of 1587 and 15726595?
23
What is the highest common divisor of 718 and 1342159195?
359
Calculate the greatest common factor of 7797 and 14993970.
339
What is the greatest common factor of 198650 and 3784625?
3425
What is the highest common divisor of 2919 and 3819303?
417
Calculate the highest common factor of 2064171 and 7458.
339
What is the greatest common divisor of 19651820 and 86180?
2780
What is the greatest common factor of 22560 and 5794912?
1504
Calculate the highest common factor of 20 and 564335020.
20
What is the greatest common divisor of 9 and 86186862?
9
Calculate the highest common divisor of 23491370 and 70.
70
What is the greatest common factor of 70348 and 4094908?
1636
Calculate the greatest common factor of 20906 and 12402.
2
What is the greatest common divisor of 2182 and 229617315?
1091
What is the greatest common divisor of 7453528 and 88?
8
What is the highest common factor of 59186652 and 84?
84
What is the greatest common divisor of 35266706 and 6478?
158
What is the greatest common divisor of 12136056 and 36?
12
What is the highest common factor of 82048334 and 134?
134
Calculate the highest common factor of 89353548 and 6.
6
Calculate the highest common factor of 826 and 141498.
14
What is the greatest common factor of 19388 and 237740?
4
What is the highest common factor of 2770 and 790281?
277
Calculate the greatest common divisor of 882 and 156491202.
294
Calculate the greatest common divisor of 3444 and 10533187.
287
Calculate the highest common divisor of 7296 and 9666288.
912
Calculate the highest common divisor of 23244 and 527748.
156
What is the greatest common divisor of 7209615 and 3462?
1731
What is the greatest common factor of 790 and 19430?
10
Calculate the highest common divisor of 669291 and 45687.
471
What is the greatest common divisor of 150 and 2756090?
10
Calculate the greatest common divisor of 1982992 and 80.
16
What is the greatest common factor of 969349 and 5977?
43
What is the highest common factor of 1081450 and 121223?
503
Calculate the highest common factor of 5670 and 825615.
315
Calculate the highest common factor of 136 and 221414528.
136
Calculate the greatest common divisor of 378096354 and 714.
102
Calculate the highest common divisor of 5184400 and 78000.
5200
Calculate the highest common factor of 1 and 2294489.
1
What is the greatest common factor of 305 and 599462555?
305
Calculate the highest common factor of 464 and 133760.
16
Calculate the greatest common factor of 5698327 and 169012.
1457
What is the highest common divisor of 104 and 10156341?
13
What is the greatest common factor of 11525 and 94225?
25
What is the highest common divisor of 160305 and 1215?
15
Calculate the greatest common divisor of 1977891 and 6611.
601
What is the highest common factor of 35 and 68194840?
35
Calculate the highest common divisor of 68 and 178658.
2
What is the greatest common divisor of 13057 and 69179?
11
What is the highest common divisor of 89136121 and 3278?
149
What is the highest common factor of 2528 and 940258?
158
Calculate the greatest common divisor of 33654 and 211009.
79
What is the greatest common divisor of 23200591 and 5883?
1961
What is the greatest common factor of 12978 and 21860514?
1854
Calculate the greatest common factor of 3102 and 6743231.
517
Calculate the highest common factor of 74017768 and 128.
8
What is the highest common factor of 5586 and 98536242?
798
Calculate the highest common divisor of 105920850 and 525.
525
What is the highest common factor of 6000 and 2597610?
30
Calculate the greatest common factor of 4947 and 854607.
51
Calculate the greatest common divisor of 2716 and 1473430.
1358
Calculate the greatest common divisor of 140138705 and 210.
35
What is the greatest common divisor of 217896821 and 889?
127
Calculate the highest common factor of 2207992930 and 1430.
1430
What is the greatest common factor of 182 and 46643142?
182
What is the highest common divisor of 51971871 and 42?
21
What is the greatest common factor of 18748 and 63898?
86
What is the highest common divisor of 27852416 and 2516?
148
What is the greatest common divisor of 64750 and 4652?
2
Calculate the greatest common factor of 18 and 161465058.
18
What is the highest common factor of 480298 and 249106?
338
Calculate the greatest common factor of 43975722 and 168.
42
Calculate the greatest common divisor of 10598021 and 2233.
203
What is the highest common divisor of 139600 and 29350?
50
Calculate the highest common divisor of 366 and 40674556.
122
What is the highest common factor of 85 and 16013065?
85
Calculate the highest common divisor of 1089 and 26190912.
33
What is the greatest common factor of 16475963 and 2?
1
Calculate the greatest common divisor of 1160 and 2938840.
40
Calculate the highest common factor of 121366805 and 140.
35
Calculate the greatest common factor of 1379 and 9254272.
197
What is the highest common factor of 18709 and 122?
1
Calculate the highest common divisor of 12240562 and 66674.
3922
Calculate the highest common factor of 18445847 and 14.
7
Calculate the highest common factor of 624650 and 1430.
130
Calculate the greatest common factor of 5397 and 224531391.
5397
Calculate the highest common divisor of 30 and 18635900.
10
What is the greatest common factor of 84 and 14743862?
14
Calculate the highest common factor of 4430588 and 530.
106
Calculate the highest common factor of 817313 and 96460.
371
What is the greatest common divisor of 3499184 and 1328?
16
What is the highest common factor of 138 and 9528954?
6
What is the highest common divisor of 165 and 300125309?
11
Calculate the highest common factor of 31966 and 23056204.
2906
What is the greatest common divisor of 27100 and 2087500?
100
Calculate the highest common divisor of 122285 and 66486685.
3305
Calculate the highest common divisor of 546591635 and 1180.
295
What is the greatest common factor of 39875040 and 30?
30
What is the greatest common divisor of 409948 and 72908?
44
What is the greatest common factor of 305 and 76064560?
305
What is the greatest common divisor of 97773997 and 1151?
1151
What is the highest common factor of 95 and 20649523?
19
What is the highest common divisor of 298 and 39786?
2
What is the highest common factor of 302826492 and 4428?
4428
Calculate the highest common factor of 7982127 and 1449.
207
What is the highest common factor of 608296099 and 4261?
4261
Calculate the highest common factor of 22687688 and 1356.
452
Calculate the highest common factor of 24449570 and 1530.
170
Calculate the highest common divisor of 627 and 38218956.
57
Calculate the highest common factor of 316750958 and 1609.
1609
What is the greatest common divisor of 59535 and 138180?
735
What is the highest common divisor of 48498 and 384208?
118
Calculate the greatest common divisor of 89160 and 5137102.
1486
Calculate the greatest common divisor of 75325 and 8300.
25
What is th